alculate the greatest common divisor of 168 and q.
12
Suppose -3*o + 532 = -131. Calculate the greatest common factor of 26 and o.
13
Suppose -v = -2*g + 41, -8*g + 130 = -3*g + 3*v. Calculate the greatest common divisor of 437 and g.
23
Suppose -n + 60 = 2*n. Let s be 144/7 - (-72)/(-126). Calculate the greatest common factor of n and s.
20
Let w be 2*21/(-4)*2. Let f be w/(-2)*8/(-12). Let h = f + 8. Calculate the highest common divisor of 1 and h.
1
Suppose 2*o + 2*o - 5*u = 438, -4*u = 3*o - 313. Calculate the greatest common factor of 856 and o.
107
Suppose -5*s + 17 = -3. Let a be 2 + 1 + s/2. Suppose a*x - 59 = 81. What is the highest common divisor of x and 7?
7
Let q be ((-19)/(-2))/(54/12 - 5). Let n = 27 + q. Calculate the highest common divisor of n and 8.
8
Suppose 0*g = -13*g + 390. What is the highest common factor of 100 and g?
10
Let c = 51 + 29. Suppose 298*j + 2*j = 1141 + 1859. Calculate the greatest common factor of j and c.
10
Suppose -11*l = -12*l. Suppose 0 = -p - l + 22. Calculate the highest common factor of p and 44.
22
Let u = -149 - -248. What is the highest common factor of u and 11?
11
Let d = 26 - 27. Let i be (d - -2)*(85 + 0). Let j be 13/(-39) - i/(-3). Calculate the highest common divisor of j and 70.
14
Let l = -241 - -285. What is the highest common divisor of l and 132?
44
Let b(k) = k**2 - 11*k + 37. Let s be b(5). What is the highest common divisor of s and 91?
7
Suppose k = 2*k - 2. Let m = 121 + -177. Let j be (-5)/(20/m) + -4. Calculate the greatest common divisor of j and k.
2
Let s = -254 + 534. Let p be (2/(-4))/((-1)/s). Suppose 3*w + 2*d - 30 = 8, -60 = -4*w + 2*d. What is the highest common divisor of w and p?
14
Suppose 0 = -5*z + 4*q - 236, 3*q = 7*z - 2*z + 232. Let c be ((-14)/28)/(2/z). Let a = -8 + c. Calculate the highest common divisor of 15 and a.
3
Suppose 26*q - 23*q - 35 = -2*b, -40 = -4*q - b. What is the greatest common divisor of 15 and q?
3
Let r be -135*(-1 + -2 - 34/(-17)). Calculate the greatest common factor of r and 45.
45
Let g be 94/(-6)*(-104 - -35). What is the highest common factor of g and 23?
23
Suppose 0 = 22*z - 43*z + 1134. What is the highest common factor of 180 and z?
18
Let v(c) = c**3 - 22*c**2 + 57*c + 6. Let b be v(19). What is the greatest common divisor of 24 and b?
6
Let o = -5989 - -6025. Let c = -27 + 51. What is the greatest common factor of c and o?
12
Suppose 143 = 4*j + 7. Calculate the highest common divisor of j and 1751.
17
Let s be 2/3 - 9/(-27). Let f be 14 + -11 - 1/s. Calculate the greatest common factor of 26 and f.
2
Let u be 21/27 + 10/45. Let b be u*27*(-44)/(-33). Let n = -12 + b. What is the greatest common divisor of n and 16?
8
Let l be 4 + 1 + (-2 - 1). Suppose q + l*i + 22 = 0, -3*q = -2*i - i + 39. Let d = q + 21. What is the highest common divisor of d and 55?
5
Let s(u) = u**3 + 7*u**2 - 6*u - 9. Let z be s(-7). Suppose -3*g + 150 - 51 = 0. Calculate the greatest common divisor of z and g.
33
Let b = 837 - 572. Let o = b - 169. What is the highest common divisor of 16 and o?
16
Suppose 0*g + 15 = 5*g. Suppose 5*i = -g + 8. Calculate the greatest common factor of 5 and i.
1
Suppose -10*m - 1367 = -15*m + h, 5*m - 2*h = 1369. What is the highest common factor of 84 and m?
21
Let d = -53 - -58. Let p be 55 - (-3)/6*0. What is the highest common factor of d and p?
5
Let u be (-178)/(-7) + 16/28. What is the highest common divisor of u and 117?
13
Let b = -1 - 15. Let q be (-956)/b + (-1)/(-4). Let l(t) = t**3 - 5*t**2 - 3*t - 3. Let r be l(6). Calculate the highest common factor of q and r.
15
Let x be ((-865)/519)/((-5)/234). What is the greatest common factor of 221 and x?
13
Let m = -78 + 70. Let n(j) = -9 - 4*j - 3 - 2*j - 4. Let o be n(m). What is the greatest common divisor of 32 and o?
32
Let a(v) = v**2 + 6*v - 140. Let i be a(-16). Calculate the highest common factor of i and 5.
5
Suppose -4*g = -241 + 217. What is the highest common factor of g and 72?
6
Suppose 4*d + q = 203, -29*d = -27*d - q - 97. Suppose x - 2 = 0, -2*p = 5*x - 17 - 13. Calculate the highest common factor of p and d.
10
Suppose 2*q + f = -387, 0*f + 3 = f. Let j = 280 + q. Calculate the greatest common factor of j and 17.
17
Let u(t) be the first derivative of -8*t**3 + 5*t**2/2 + 4*t - 5. Let h be u(-5). Let q be (1/3)/((-9)/h). Calculate the greatest common divisor of 46 and q.
23
Let h be -4*(3 - 13)*1. Let p = h + 41. Suppose 2*i = w + p, 2*i = -w - 2*w + 93. Calculate the greatest common divisor of 28 and i.
14
Let y = -141 + 197. What is the highest common divisor of 28 and y?
28
Let r be 9*(-4)/(-24)*208/(-2). Let d be 2/5 - r/10. What is the greatest common factor of d and 8?
8
Let g be 2 + 8/4 + (-7 - -369). Calculate the greatest common divisor of g and 61.
61
Let z = -1042 + 1146. What is the greatest common factor of z and 221?
13
Let h = 14 - 25. Let f = 56 + h. Calculate the highest common divisor of 9 and f.
9
Suppose 8 + 502 = 10*a. What is the highest common factor of 136 and a?
17
Let d be (6/(-2))/(-1) + -2 + 4. Let f(l) = 2*l + 4. Let z be f(-3). Let b be 1 + (z + 6)*11. What is the greatest common divisor of b and d?
5
Let m = -121 - -162. Suppose -62 = -z + 5*d, 5*d - m - 65 = -3*z. Let k = -50 - -155. What is the highest common divisor of z and k?
21
Suppose 143 = 3*x - 52. What is the highest common factor of 130 and x?
65
Let s = 32 - 18. Suppose -2*w = 5*j - 4, 3*j + 0*j = -w + 2. Let m = w + 0. Calculate the greatest common divisor of s and m.
2
Let m be -6*((0 - 6) + -1). What is the greatest common factor of 315 and m?
21
Let n(p) = -9*p + 5. Let b(w) = w - 1. Let j(x) = 6*b(x) + n(x). Let s be j(1). Let m be 4/8*30 - s. What is the greatest common divisor of 95 and m?
19
Let g(m) = -4*m - 13. Let x be g(-5). Let l = x + 25. Calculate the highest common factor of 16 and l.
16
Let l be (-1324)/(-14) + (-219)/(-511). Calculate the highest common factor of 15 and l.
5
Suppose -320*l = -317*l - 324. Suppose 0*x + 58 = 5*x + 2*c, -3*x - 2*c + 34 = 0. Calculate the highest common divisor of l and x.
12
Let c(m) = -m**2 - 6*m + 1. Let v be c(-3). Let d = 13 - v. Calculate the greatest common factor of d and 9.
3
Let a = -11 + 11. Suppose a*d + d + 5 = 0. Let g be (-16)/((d - -2) + 2). Calculate the greatest common divisor of 176 and g.
16
Let n(k) = -5*k - 74. Let z be n(-25). Let h be (-816)/(-15) + 4/(-10). Let d = h - 20. What is the greatest common divisor of d and z?
17
Let i = -5 - -8. Suppose -2*f + 5*f = i. Let r be 37/f - (1 - -1). What is the greatest common divisor of 7 and r?
7
Let j be 40/6 - 1/(-3). Suppose 0 = -3*k + 8 + j. Let o(a) = -a**3 + 3*a**2 + 11*a + 5. Let r be o(5). What is the highest common divisor of r and k?
5
Suppose 0*b = 4*b - 20, -73 = -r - b. Let n = r + -54. Calculate the highest common divisor of n and 35.
7
Let p = -41 + 76. Suppose 0 = -0*d - 4*d + 4*a + 20, 5*a + 18 = 4*d. Calculate the greatest common divisor of p and d.
7
Suppose 2*t = -4*t. Let c(y) be the second derivative of y**5/20 - y**4/12 - y**3/6 + 2*y**2 - y. Let k be c(t). What is the highest common factor of 6 and k?
2
Suppose -4*w = 3*x - 23, x + 9*w = 14*w - 5. What is the greatest common divisor of 305 and x?
5
Let o = 5 - 2. Let r(i) = -3*i**3 - 2*i**2 + i. Let b be r(-3). Suppose -o*j - 12 = -b. What is the greatest common divisor of 176 and j?
16
Let a(m) = m**2 + m - 4. Let i be a(-7). What is the greatest common factor of 304 and i?
38
Let m(i) = -12*i - 6. Let x be m(-4). What is the highest common factor of x and 12?
6
Let t be ((-18)/(-10))/((-68)/(-340)). Let u = 59 - 23. What is the greatest common divisor of u and t?
9
Let k = -27 - -36. Calculate the greatest common factor of 153 and k.
9
Let s be 14/((-154)/(-132) - 4/6). Let u be (28/(-2))/((-2)/10). Calculate the highest common divisor of s and u.
14
Let s be (-3 - 0) + 6/2. Let k be (3 + s)/((-1)/(-1)). What is the greatest common factor of 39 and k?
3
Let d(g) = 2*g - 16. Let i be d(6). Let k be (-48)/(i + 40/12). What is the highest common factor of 8 and k?
8
Suppose 4*k + s = 27, -5*s = 17*k - 18*k - 9. What is the greatest common divisor of 57 and k?
3
Suppose 24*g = 20*g - 44. Let l(s) = -2*s - 4. Let b be l(g). What is the highest common divisor of 